{"id":24,"date":"2020-01-15T15:30:13","date_gmt":"2020-01-15T14:30:13","guid":{"rendered":"http:\/\/bienveillance-active.com\/?page_id=24"},"modified":"2022-03-23T15:17:12","modified_gmt":"2022-03-23T14:17:12","slug":"24-2","status":"publish","type":"page","link":"https:\/\/bienveillance-active.com\/index.php\/24-2\/","title":{"rendered":"FLEURS DE BACH"},"content":{"rendered":"<p>[et_pb_section fb_built=\u00a0\u00bb1&Prime; admin_label=\u00a0\u00bbCall to Action\u00a0\u00bb _builder_version=\u00a0\u00bb4.15&Prime; background_image=\u00a0\u00bbhttps:\/\/bienveillance-active.com\/wp-content\/uploads\/2020\/03\/fleurBach.jpg\u00a0\u00bb overflow-x=\u00a0\u00bbhidden\u00a0\u00bb overflow-y=\u00a0\u00bbhidden\u00a0\u00bb animation_style=\u00a0\u00bbfade\u00a0\u00bb animation_starting_opacity=\u00a0\u00bb100%\u00a0\u00bb box_shadow_style=\u00a0\u00bbpreset1&Prime; box_shadow_spread=\u00a0\u00bb16px\u00a0\u00bb global_colors_info=\u00a0\u00bb{}\u00a0\u00bb][et_pb_row _builder_version=\u00a0\u00bb4.15&Prime; max_width=\u00a0\u00bb840px\u00a0\u00bb custom_padding=\u00a0\u00bb200px||200px||true|false\u00a0\u00bb global_colors_info=\u00a0\u00bb{}\u00a0\u00bb][et_pb_column type=\u00a0\u00bb4_4&Prime; _builder_version=\u00a0\u00bb4.15&Prime; global_colors_info=\u00a0\u00bb{}\u00a0\u00bb][et_pb_text _builder_version=\u00a0\u00bb4.15&Prime; header_2_font=\u00a0\u00bb|700|||||||\u00a0\u00bb header_2_text_color=\u00a0\u00bb#FFFFFF\u00a0\u00bb header_2_font_size=\u00a0\u00bb70px\u00a0\u00bb header_2_letter_spacing=\u00a0\u00bb3px\u00a0\u00bb header_2_line_height=\u00a0\u00bb1.2em\u00a0\u00bb transform_scale=\u00a0\u00bb130%|130%\u00a0\u00bb transform_scale_tablet=\u00a0\u00bb100%|100%\u00a0\u00bb transform_scale_phone=\u00a0\u00bb\u00a0\u00bb transform_scale_last_edited=\u00a0\u00bbon|desktop\u00a0\u00bb transform_translate_tablet=\u00a0\u00bb\u00a0\u00bb transform_translate_phone=\u00a0\u00bb\u00a0\u00bb transform_translate_last_edited=\u00a0\u00bbon|desktop\u00a0\u00bb transform_rotate_tablet=\u00a0\u00bb\u00a0\u00bb transform_rotate_phone=\u00a0\u00bb\u00a0\u00bb transform_rotate_last_edited=\u00a0\u00bbon|desktop\u00a0\u00bb transform_skew_tablet=\u00a0\u00bb\u00a0\u00bb transform_skew_phone=\u00a0\u00bb\u00a0\u00bb transform_skew_last_edited=\u00a0\u00bbon|desktop\u00a0\u00bb transform_origin=\u00a0\u00bb0%|50%\u00a0\u00bb transform_origin_tablet=\u00a0\u00bb\u00a0\u00bb transform_origin_phone=\u00a0\u00bb\u00a0\u00bb transform_origin_last_edited=\u00a0\u00bbon|desktop\u00a0\u00bb transform_styles_last_edited=\u00a0\u00bbon|desktop\u00a0\u00bb max_width=\u00a0\u00bb800px\u00a0\u00bb custom_margin=\u00a0\u00bb|||-110px|false|false\u00a0\u00bb custom_margin_tablet=\u00a0\u00bb|||0px|false|false\u00a0\u00bb custom_margin_phone=\u00a0\u00bb\u00a0\u00bb custom_margin_last_edited=\u00a0\u00bbon|desktop\u00a0\u00bb animation_style=\u00a0\u00bbslide\u00a0\u00bb animation_direction=\u00a0\u00bbleft\u00a0\u00bb animation_intensity_slide=\u00a0\u00bb5%\u00a0\u00bb header_2_font_size_tablet=\u00a0\u00bb50px\u00a0\u00bb header_2_font_size_phone=\u00a0\u00bb50px\u00a0\u00bb header_2_font_size_last_edited=\u00a0\u00bbon|phone\u00a0\u00bb header_2_letter_spacing_tablet=\u00a0\u00bb1px\u00a0\u00bb header_2_letter_spacing_phone=\u00a0\u00bb0px\u00a0\u00bb header_2_letter_spacing_last_edited=\u00a0\u00bbon|desktop\u00a0\u00bb transform_styles_tablet=\u00a0\u00bb\u00a0\u00bb transform_styles_phone=\u00a0\u00bb\u00a0\u00bb header_2_text_shadow_style=\u00a0\u00bbpreset1&Prime; header_2_text_shadow_vertical_length=\u00a0\u00bb0.39em\u00a0\u00bb header_2_text_shadow_blur_strength=\u00a0\u00bb0.65em\u00a0\u00bb header_2_text_shadow_color=\u00a0\u00bbrgba(163,51,29,0.37)\u00a0\u00bb locked=\u00a0\u00bboff\u00a0\u00bb global_colors_info=\u00a0\u00bb{}\u00a0\u00bb text_text_align_tablet=\u00a0\u00bbcenter\u00a0\u00bb text_text_align_last_edited=\u00a0\u00bbon|desktop\u00a0\u00bb text_text_align_phone=\u00a0\u00bbcenter\u00a0\u00bb]<\/p>\n<h2 style=\"text-align: center;\">FLEURS DE BACH<\/h2>\n<p>[\/et_pb_text][\/et_pb_column][\/et_pb_row][\/et_pb_section][et_pb_section fb_built=\u00a0\u00bb1&Prime; admin_label=\u00a0\u00bbsection\u00a0\u00bb _builder_version=\u00a0\u00bb4.15&Prime; use_background_color_gradient=\u00a0\u00bbon\u00a0\u00bb background_color_gradient_start=\u00a0\u00bb#ffffff\u00a0\u00bb background_color_gradient_end=\u00a0\u00bb#F8E893&Prime; custom_padding=\u00a0\u00bb||0px||false|false\u00a0\u00bb global_colors_info=\u00a0\u00bb{}\u00a0\u00bb][et_pb_row _builder_version=\u00a0\u00bb4.15&Prime; custom_padding=\u00a0\u00bb0px||||false|false\u00a0\u00bb global_colors_info=\u00a0\u00bb{}\u00a0\u00bb][et_pb_column type=\u00a0\u00bb4_4&Prime; _builder_version=\u00a0\u00bb4.15&Prime; global_colors_info=\u00a0\u00bb{}\u00a0\u00bb][et_pb_text _builder_version=\u00a0\u00bb4.15&Prime; text_font=\u00a0\u00bb||||||||\u00a0\u00bb text_text_color=\u00a0\u00bb#000000&Prime; text_font_size=\u00a0\u00bb15px\u00a0\u00bb header_text_color=\u00a0\u00bb#086C92&Prime; text_orientation=\u00a0\u00bbcenter\u00a0\u00bb global_colors_info=\u00a0\u00bb{}\u00a0\u00bb]<\/p>\n<p style=\"text-align: left;\">Elabor\u00e9es par le Dr Edward Bach, les fleurs de Bach sont une approche Holistique, afin de\u00a0 PRENDRE EN CHARGE LA PERSONNE DANS SA GLOBALITE, en traitant la cause et non uniquement les cons\u00e9quences\u00a0!<\/p>\n<p style=\"text-align: left;\">Les 38 \u00e9lixirs floraux sont des messagers subtils, des \u00ab\u00a0PERLES DE CONSCIENCE\u00a0\u00bb, qui vont permettre de RE-HARMONISER les d\u00e9s\u00e9quilibres \u00e9motionnels qui bloquent et assombrissent le quotidien\u2026<\/p>\n<p>[\/et_pb_text][et_pb_text _builder_version=\u00a0\u00bb4.15&Prime; text_font=\u00a0\u00bb||||||||\u00a0\u00bb text_text_color=\u00a0\u00bb#000000&Prime; text_font_size=\u00a0\u00bb15px\u00a0\u00bb header_text_color=\u00a0\u00bb#086C92&Prime; text_orientation=\u00a0\u00bbcenter\u00a0\u00bb custom_margin=\u00a0\u00bb|||40px||\u00a0\u00bb global_colors_info=\u00a0\u00bb{}\u00a0\u00bb]<\/p>\n<ul>\n<li style=\"text-align: left;\"><strong>Les peurs \/ \u00eatre en confiance, se sentir rassur\u00e9(e)<\/strong><br \/><strong> <\/strong><\/li>\n<li style=\"text-align: left;\"><strong>La fatigue \/se ressourcer <\/strong><strong>physiquement et mentalement<\/strong><br \/><strong> <\/strong><\/li>\n<li style=\"text-align: left;\"><strong>Les inqui\u00e9tudes pour autrui \/ faire confiance en la capacit\u00e9 de l\u2019autre<\/strong><br \/><strong> <\/strong><\/li>\n<li style=\"text-align: left;\"><strong>Le d\u00e9sespoir \/ retrouver la foi en soi<\/strong><br \/><strong> <\/strong><\/li>\n<li style=\"text-align: left;\"><strong>La solitude\/ mieux communiquer et aller vers les autres<\/strong><br \/><strong> <\/strong><\/li>\n<li style=\"text-align: left;\"><strong>Le manque de confiance en soi \/ se sentir en capacit\u00e9, \u00e0 la hauteur<\/strong><br \/><strong> <\/strong><\/li>\n<li style=\"text-align: left;\"><strong>La col\u00e8re\/ pardonner, se sentir en paix<\/strong><br \/><strong> <\/strong><\/li>\n<li style=\"text-align: left;\"><strong>Le deuil \/ soulager la douleur, les peines \u00e9motionnelles et dissoudre le chagrin<\/strong><br \/><strong> <\/strong><\/li>\n<li style=\"text-align: left;\"><strong>La culpabilit\u00e9 \/ changer son jugement, mettre de la bienveillance sur soi<\/strong><br \/><strong> \u2026<\/strong><\/li>\n<\/ul>\n<p>[\/et_pb_text][et_pb_text _builder_version=\u00a0\u00bb4.15&Prime; text_font=\u00a0\u00bb||||||||\u00a0\u00bb text_text_color=\u00a0\u00bb#000000&Prime; text_font_size=\u00a0\u00bb15px\u00a0\u00bb header_text_color=\u00a0\u00bb#086C92&Prime; text_orientation=\u00a0\u00bbcenter\u00a0\u00bb global_colors_info=\u00a0\u00bb{}\u00a0\u00bb]<\/p>\n<p style=\"text-align: left;\">C\u2019est une m\u00e9thode simple, naturelle, sans contre-indication, ni effets secondaires.<\/p>\n<p style=\"text-align: left;\">Les fleurs de Bach peuvent \u00eatre utilis\u00e9e par tous, \u00e0 tout \u00e2ge et aussi chez les animaux\u00a0! (tr\u00e8s efficaces sur les chevaux)<\/p>\n<p>[\/et_pb_text][et_pb_text _builder_version=\u00a0\u00bb4.15&Prime; text_font=\u00a0\u00bb|700|||||||\u00a0\u00bb text_text_color=\u00a0\u00bb#086c92&Prime; text_font_size=\u00a0\u00bb20px\u00a0\u00bb header_text_color=\u00a0\u00bb#000000&Prime; header_2_font=\u00a0\u00bb|700|||||||\u00a0\u00bb header_2_text_color=\u00a0\u00bb#086C92&Prime; header_2_font_size=\u00a0\u00bb28px\u00a0\u00bb header_3_font=\u00a0\u00bb|700|||||||\u00a0\u00bb header_3_text_color=\u00a0\u00bb#086c92&Prime; text_orientation=\u00a0\u00bbcenter\u00a0\u00bb global_colors_info=\u00a0\u00bb{}\u00a0\u00bb]<\/p>\n<p style=\"text-align: left;\">C\u2019EST UN R\u00c9EL CHEMINEMENT INT\u00c9RIEUR<\/p>\n<p>[\/et_pb_text][et_pb_text _builder_version=\u00a0\u00bb4.15&Prime; text_font=\u00a0\u00bb||||||||\u00a0\u00bb text_text_color=\u00a0\u00bb#000000&Prime; text_font_size=\u00a0\u00bb15px\u00a0\u00bb header_text_color=\u00a0\u00bb#086C92&Prime; text_orientation=\u00a0\u00bbcenter\u00a0\u00bb global_colors_info=\u00a0\u00bb{}\u00a0\u00bb]<\/p>\n<p style=\"text-align: left;\">L\u2019accompagnement que je vous propose, vous permet d\u2019exprimer vos ressentis et de mettre en lumi\u00e8re les blocages, les n\u0153uds \u00e9motionnels et le mal Etre.<\/p>\n<p style=\"text-align: left;\">A l\u2019issue de la s\u00e9ance, je vous pr\u00e9pare un flacon personnalis\u00e9 avec les fleurs de Bach s\u00e9lectionn\u00e9es, qui vont agir en profondeur sur l\u2019\u00e9tat n\u00e9gatif pour le transformer en potentiel positif, vous r\u00e9\u00e9quilibrer et ainsi retrouver une Paix int\u00e9rieure.<\/p>\n<p>[\/et_pb_text][\/et_pb_column][\/et_pb_row][\/et_pb_section]<\/p>\n","protected":false},"excerpt":{"rendered":"<p>FLEURS DE BACHElabor\u00e9es par le Dr Edward Bach, les fleurs de Bach sont une approche Holistique, afin de\u00a0 PRENDRE EN CHARGE LA PERSONNE DANS SA GLOBALITE, en traitant la cause et non uniquement les cons\u00e9quences\u00a0! Les 38 \u00e9lixirs floraux sont des messagers subtils, des \u00ab\u00a0PERLES DE CONSCIENCE\u00a0\u00bb, qui vont permettre de RE-HARMONISER les d\u00e9s\u00e9quilibres \u00e9motionnels [&hellip;]<\/p>\n","protected":false},"author":1,"featured_media":149,"parent":0,"menu_order":0,"comment_status":"closed","ping_status":"closed","template":"","meta":{"_et_pb_use_builder":"on","_et_pb_old_content":"<!-- wp:heading -->\n<h2>FLEURS DE BACH<\/h2>\n<!-- \/wp:heading -->\n\n<!-- wp:paragraph -->\n<p>Elabor\u00e9es par le Dr Edward Bach, avec une approche Holistique, il souhaitait PRENDRE EN CHARGE LA PERSONNE DANS SA GLOBALITE, en traitant la cause et non uniquement les cons\u00e9quences\u00a0!<\/p>\n<!-- \/wp:paragraph -->\n\n<!-- wp:paragraph -->\n<p>Les 38 \u00e9lixirs floraux sont des\nmessagers subtils, des \u00ab&nbsp;PERLES DE CONSCIENCE&nbsp;\u00bb, qui vont permettre\nde RE-HARMONISER les d\u00e9s\u00e9quilibres \u00e9motionnels qui bloquent et assombrissent le\nquotidien\u2026<\/p>\n<!-- \/wp:paragraph -->\n\n<!-- wp:list -->\n<ul><li><strong>Les peurs \/ \u00eatre en confiance, se sentir rassur\u00e9(e)<\/strong><\/li><li><strong>La fatigue \/se ressourcer physiquement et mentalement<\/strong><\/li><li><strong>Les inqui\u00e9tudes pour autrui \/ faire confiance en la capacit\u00e9 de l\u2019autre<\/strong><\/li><li><strong>Le d\u00e9sespoir \/ retrouver la foi en soi<\/strong><\/li><li><strong>La solitude\/ mieux communiquer et aller vers les autres &nbsp;<\/strong><\/li><li><strong>Le manque de confiance en soi \/ se sentir en capacit\u00e9, \u00e0 la hauteur<\/strong><\/li><li><strong>La col\u00e8re\/ pardonner, se sentir en paix<\/strong><\/li><li><strong>Le deuil \/ soulager la douleur, les peines \u00e9motionnelles et dissoudre le chagrin <\/strong><\/li><li><strong>La culpabilit\u00e9 \/ changer son jugement, mettre de la bienveillance sur soi<\/strong><\/li><li><strong>\u2026<\/strong><\/li><\/ul>\n<!-- \/wp:list -->\n\n<!-- wp:paragraph -->\n<p>C\u2019est une m\u00e9thode simple, naturelle, sans contre-indication, ni effets secondaires.<\/p>\n<!-- \/wp:paragraph -->\n\n<!-- wp:paragraph -->\n<p>Elle peut \u00eatre utilis\u00e9e par tous, \u00e0 tout \u00e2ge et aussi chez les animaux\u00a0! (tr\u00e8s efficaces sur les chevaux)<\/p>\n<!-- \/wp:paragraph -->\n\n<!-- wp:heading {\"level\":4} -->\n<h4>C\u2019EST UN REEL CHEMINEMENT INTERIEUR<\/h4>\n<!-- \/wp:heading -->\n\n<!-- wp:paragraph -->\n<p>L\u2019accompagnement que je vous\npropose, vous permet d\u2019exprimer vos ressentis et de mettre en lumi\u00e8re les\nblocages et les n\u0153uds \u00e9motionnels.<\/p>\n<!-- \/wp:paragraph -->\n\n<!-- wp:paragraph -->\n<p>A l\u2019issue de la s\u00e9ance, je vous pr\u00e9pare un flacon personnalis\u00e9 avec les fleurs de Bach s\u00e9lectionn\u00e9es, qui vont agir en profondeur sur l\u2019\u00e9tat n\u00e9gatif pour le transformer en potentiel positif, vous r\u00e9\u00e9quilibrer et ainsi retrouver une Paix int\u00e9rieure.<\/p>\n<!-- \/wp:paragraph -->\n\n<!-- wp:paragraph -->\n<p>____________________________________<\/p>\n<!-- \/wp:paragraph -->\n\n<!-- wp:heading {\"level\":4} -->\n<h4><strong>PRENDRE RENDEZ-VOUS :<\/strong><\/h4>\n<!-- \/wp:heading -->\n\n<!-- wp:shortcode -->\n[contact-form-7 id=\"187\" title=\"Formulaire contact -Helene\"]\n<!-- \/wp:shortcode -->","_et_gb_content_width":"","footnotes":""},"class_list":["post-24","page","type-page","status-publish","has-post-thumbnail","hentry"],"_links":{"self":[{"href":"https:\/\/bienveillance-active.com\/index.php\/wp-json\/wp\/v2\/pages\/24"}],"collection":[{"href":"https:\/\/bienveillance-active.com\/index.php\/wp-json\/wp\/v2\/pages"}],"about":[{"href":"https:\/\/bienveillance-active.com\/index.php\/wp-json\/wp\/v2\/types\/page"}],"author":[{"embeddable":true,"href":"https:\/\/bienveillance-active.com\/index.php\/wp-json\/wp\/v2\/users\/1"}],"replies":[{"embeddable":true,"href":"https:\/\/bienveillance-active.com\/index.php\/wp-json\/wp\/v2\/comments?post=24"}],"version-history":[{"count":27,"href":"https:\/\/bienveillance-active.com\/index.php\/wp-json\/wp\/v2\/pages\/24\/revisions"}],"predecessor-version":[{"id":1664,"href":"https:\/\/bienveillance-active.com\/index.php\/wp-json\/wp\/v2\/pages\/24\/revisions\/1664"}],"wp:featuredmedia":[{"embeddable":true,"href":"https:\/\/bienveillance-active.com\/index.php\/wp-json\/wp\/v2\/media\/149"}],"wp:attachment":[{"href":"https:\/\/bienveillance-active.com\/index.php\/wp-json\/wp\/v2\/media?parent=24"}],"curies":[{"name":"wp","href":"https:\/\/api.w.org\/{rel}","templated":true}]}}