{"id":1176,"date":"2020-08-31T13:00:04","date_gmt":"2020-08-31T11:00:04","guid":{"rendered":"http:\/\/bienveillance-active.com\/?page_id=1176"},"modified":"2022-02-28T12:13:01","modified_gmt":"2022-02-28T11:13:01","slug":"1176-2","status":"publish","type":"page","link":"https:\/\/bienveillance-active.com\/index.php\/1176-2\/","title":{"rendered":"BLOG"},"content":{"rendered":"<p>[et_pb_section fb_built=\u00a0\u00bb1&Prime; admin_label=\u00a0\u00bbCall to Action\u00a0\u00bb _builder_version=\u00a0\u00bb4.4.2&Prime; background_image=\u00a0\u00bbhttps:\/\/bienveillance-active.com\/wp-content\/uploads\/2020\/06\/sophrologie.jpg\u00a0\u00bb overflow-x=\u00a0\u00bbhidden\u00a0\u00bb overflow-y=\u00a0\u00bbhidden\u00a0\u00bb custom_padding=\u00a0\u00bb||440px|||\u00a0\u00bb animation_style=\u00a0\u00bbfade\u00a0\u00bb animation_starting_opacity=\u00a0\u00bb100%\u00a0\u00bb box_shadow_style=\u00a0\u00bbpreset1&Prime; box_shadow_spread=\u00a0\u00bb16px\u00a0\u00bb][et_pb_row _builder_version=\u00a0\u00bb3.26.5&Prime; max_width=\u00a0\u00bb840px\u00a0\u00bb custom_padding=\u00a0\u00bb0px||0px||true|false\u00a0\u00bb][et_pb_column type=\u00a0\u00bb4_4&Prime; _builder_version=\u00a0\u00bb3.26.5&Prime;][et_pb_text _builder_version=\u00a0\u00bb4.4.2&Prime; header_2_font=\u00a0\u00bb|700|||||||\u00a0\u00bb header_2_text_color=\u00a0\u00bb#FFFFFF\u00a0\u00bb header_2_font_size=\u00a0\u00bb70px\u00a0\u00bb header_2_letter_spacing=\u00a0\u00bb3px\u00a0\u00bb header_2_line_height=\u00a0\u00bb1.2em\u00a0\u00bb transform_scale=\u00a0\u00bb130%|130%\u00a0\u00bb transform_scale_tablet=\u00a0\u00bb100%|100%\u00a0\u00bb transform_scale_phone=\u00a0\u00bb\u00a0\u00bb transform_scale_last_edited=\u00a0\u00bbon|desktop\u00a0\u00bb transform_translate_tablet=\u00a0\u00bb\u00a0\u00bb transform_translate_phone=\u00a0\u00bb\u00a0\u00bb transform_translate_last_edited=\u00a0\u00bbon|desktop\u00a0\u00bb transform_rotate_tablet=\u00a0\u00bb\u00a0\u00bb transform_rotate_phone=\u00a0\u00bb\u00a0\u00bb transform_rotate_last_edited=\u00a0\u00bbon|desktop\u00a0\u00bb transform_skew_tablet=\u00a0\u00bb\u00a0\u00bb transform_skew_phone=\u00a0\u00bb\u00a0\u00bb transform_skew_last_edited=\u00a0\u00bbon|desktop\u00a0\u00bb transform_origin=\u00a0\u00bb0%|50%\u00a0\u00bb transform_origin_tablet=\u00a0\u00bb\u00a0\u00bb transform_origin_phone=\u00a0\u00bb\u00a0\u00bb transform_origin_last_edited=\u00a0\u00bbon|desktop\u00a0\u00bb transform_styles_last_edited=\u00a0\u00bbon|desktop\u00a0\u00bb max_width=\u00a0\u00bb800px\u00a0\u00bb custom_margin=\u00a0\u00bb|||-110px|false|false\u00a0\u00bb custom_margin_tablet=\u00a0\u00bb|||0px|false|false\u00a0\u00bb custom_margin_phone=\u00a0\u00bb\u00a0\u00bb custom_margin_last_edited=\u00a0\u00bbon|desktop\u00a0\u00bb custom_padding=\u00a0\u00bb137px|||||\u00a0\u00bb animation_style=\u00a0\u00bbslide\u00a0\u00bb animation_direction=\u00a0\u00bbleft\u00a0\u00bb animation_intensity_slide=\u00a0\u00bb5%\u00a0\u00bb header_2_font_size_tablet=\u00a0\u00bb50px\u00a0\u00bb header_2_font_size_phone=\u00a0\u00bb40px\u00a0\u00bb header_2_font_size_last_edited=\u00a0\u00bbon|phone\u00a0\u00bb header_2_letter_spacing_tablet=\u00a0\u00bb1px\u00a0\u00bb header_2_letter_spacing_phone=\u00a0\u00bb0px\u00a0\u00bb header_2_letter_spacing_last_edited=\u00a0\u00bbon|desktop\u00a0\u00bb transform_styles_tablet=\u00a0\u00bb\u00a0\u00bb transform_styles_phone=\u00a0\u00bb\u00a0\u00bb header_2_text_shadow_style=\u00a0\u00bbpreset1&Prime; header_2_text_shadow_vertical_length=\u00a0\u00bb0.39em\u00a0\u00bb header_2_text_shadow_blur_strength=\u00a0\u00bb0.65em\u00a0\u00bb header_2_text_shadow_color=\u00a0\u00bbrgba(163,51,29,0.37)\u00a0\u00bb locked=\u00a0\u00bboff\u00a0\u00bb text_text_align_tablet=\u00a0\u00bbcenter\u00a0\u00bb text_text_align_last_edited=\u00a0\u00bbon|desktop\u00a0\u00bb]<\/p>\n<h2 style=\"text-align: center;\">BLOG d&rsquo;H\u00e9l\u00e8ne<\/h2>\n<p>[\/et_pb_text][\/et_pb_column][\/et_pb_row][\/et_pb_section][et_pb_section fb_built=\u00a0\u00bb1&Prime; admin_label=\u00a0\u00bbsection\u00a0\u00bb _builder_version=\u00a0\u00bb4.4.2&Prime; use_background_color_gradient=\u00a0\u00bbon\u00a0\u00bb background_color_gradient_start=\u00a0\u00bb#ffffff\u00a0\u00bb background_color_gradient_end=\u00a0\u00bb#f8e893&Prime; custom_padding=\u00a0\u00bb||0px||false|false\u00a0\u00bb][et_pb_row column_structure=\u00a0\u00bb1_2,1_2&Prime; _builder_version=\u00a0\u00bb4.9.4&Prime; custom_padding=\u00a0\u00bb||96px|||\u00a0\u00bb][et_pb_column type=\u00a0\u00bb1_2&Prime; _builder_version=\u00a0\u00bb4.4.2&Prime;][et_pb_gallery gallery_ids=\u00a0\u00bb1446&Prime; _builder_version=\u00a0\u00bb4.9.4&Prime; hover_enabled=\u00a0\u00bb0&Prime; sticky_enabled=\u00a0\u00bb0&Prime;][\/et_pb_gallery][\/et_pb_column][et_pb_column type=\u00a0\u00bb1_2&Prime; _builder_version=\u00a0\u00bb4.4.2&Prime;][et_pb_text _builder_version=\u00a0\u00bb4.9.4&Prime;]<\/p>\n<p>Lorsque le manque de confiance en sa propre intuition fait d\u00e9faut et que l\u2019on cherche \u00e0 l\u2019ext\u00e9rieur le conseil \u00ab miracle \u00bb.<br \/>Quand nous cherchons des r\u00e9ponses \u00e0 nos questions, <strong>cette jolie fleur bleue, violette de l\u2019Himalaya vient nous relier \u00e0 notre Intuition profonde.<\/strong><br \/>Elle vient d\u00e9faire les sch\u00e9mas \u00e9triqu\u00e9s d\u2019une grille de lecture de notre cerveau rationnel pour laisser place au Ressenti, \u00e0 sa propre Individualit\u00e9.<br \/>La fleur de la Confiance, pour les \u00catres qui savent beaucoup mais qui cherchent l\u2019approbation de l\u2019autre ou des autres et de ce fait ne vivent pas leurs propres exp\u00e9riences.<\/p>\n<p>De l\u2019esprit \u00ab cam\u00e9l\u00e9on \u00bb \u2026. \u00c0 la capacit\u00e9 de poser son opinion personnelle.<br \/>Et de ces 5 p\u00e9tales diff\u00e9renci\u00e9s, se relier \u00e0 son C\u0153ur, se recentrer et ainsi se faire Confiance !!<\/p>\n<p>[\/et_pb_text][\/et_pb_column][\/et_pb_row][et_pb_row column_structure=\u00a0\u00bb1_2,1_2&Prime; _builder_version=\u00a0\u00bb4.9.4&Prime; custom_padding=\u00a0\u00bb||96px|||\u00a0\u00bb][et_pb_column type=\u00a0\u00bb1_2&Prime; _builder_version=\u00a0\u00bb4.4.2&Prime;][et_pb_text _builder_version=\u00a0\u00bb4.9.4&Prime;]<\/p>\n<p><strong>Les moustiques<\/strong> ne d\u00e9rogent pas \u00e0 leurs pratiques habituelles !!<br \/>Les \u00e9loigner\u2026 pas toujours faciles, surtout pour certains profils qui sont des proies plus fr\u00e9quentes que d\u2019autres.<br \/>Je vous propose une synergie d\u2019huiles essentielles ayant pour mission une action repellente !! mais aussi traitante \ud83d\ude0a<br \/>Dans un petit roll-on de poche (5ml) mettre :<br \/>\u2022 25 gouttes d\u2019HE de citronnelle de Java (anti-inflammatoire et r\u00e9pulsive)<br \/>\u2022 20 gouttes d\u2019HE de menthe poivr\u00e9e (antiprurigineuse, analg\u00e9sique et anesth\u00e9sique)<br \/>\u2022 15 gouttes d\u2019HE de lavande fine (calmante, s\u00e9dative, cicatrisante)<br \/>\u2022 10 gouttes d\u2019HE de camomille noble (anti-inflammatoire, antiprurigineuse, s\u00e9dative, antalgique)<br \/>Vous pouvez compl\u00e9ter avec de l\u2019huile v\u00e9g\u00e9tale de calendula ou bien l&rsquo;utiliser pure.<br \/><strong>Super efficace !!!<\/strong><br \/><strong>Pas de d\u00e9mangeaisons ni de cloque rouge !!<\/strong><\/p>\n<p>[\/et_pb_text][\/et_pb_column][et_pb_column type=\u00a0\u00bb1_2&Prime; _builder_version=\u00a0\u00bb4.4.2&Prime;][et_pb_gallery gallery_ids=\u00a0\u00bb1443&Prime; _builder_version=\u00a0\u00bb4.9.4&Prime;][\/et_pb_gallery][\/et_pb_column][\/et_pb_row][et_pb_row column_structure=\u00a0\u00bb1_2,1_2&Prime; _builder_version=\u00a0\u00bb4.4.2&Prime; custom_padding=\u00a0\u00bb||96px|||\u00a0\u00bb][et_pb_column type=\u00a0\u00bb1_2&Prime; _builder_version=\u00a0\u00bb4.4.2&Prime;][et_pb_gallery gallery_ids=\u00a0\u00bb1278&Prime; _builder_version=\u00a0\u00bb4.4.2&Prime;][\/et_pb_gallery][\/et_pb_column][et_pb_column type=\u00a0\u00bb1_2&Prime; _builder_version=\u00a0\u00bb4.4.2&Prime;][et_pb_text _builder_version=\u00a0\u00bb4.4.2&Prime;]<\/p>\n<p><strong>La minute olfactive avec l\u2019huile essentielle de LAURIER NOBLE\u00a0!<\/strong><\/p>\n<p>Cette fragrance est extraordinaire\u00a0!<\/p>\n<p>En propri\u00e9t\u00e9s th\u00e9rapeutiques c\u2019est une excellente anti-virale et bact\u00e9ricide \u00e0 large spectre, fongicide qui renforce le syst\u00e8me immunitaire\u00a0!<\/p>\n<p>Elle aide dans les troubles d\u00e9pressifs et stress.<\/p>\n<p>Efficace anti-h\u00e9matome et puissante anti-douleur.<\/p>\n<p>En propri\u00e9t\u00e9s \u00e9nerg\u00e9tiques, elle permet la victoire sur l\u2019\u00e9preuve et sur Soi, en aidant \u00e0 d\u00e9passer ses limites.<\/p>\n<p>Rend l\u2019inaccessible, accessible et aide \u00e0 franchir un cap\u2026.<\/p>\n<p>&nbsp;<\/p>\n<p>Prenez le temps de vous installer confortablement sur un fauteuil ou canap\u00e9, sur un mouchoir en papier mettre une goutte de\u00a0 cette huile essentielle\u2026<\/p>\n<p>Et\u00a0 RESPIREZ lentement, mettez de la conscience dans votre inspir\u2026 puis dans votre expir \u2026 et laissez voyager les mol\u00e9cules de Laurier noble jusqu\u2019\u00e0 votre cerveau limbique (le cerveau des \u00e9motions).<\/p>\n<p>C\u2019est un temps pour Vous, un temps de connections aux vibrations de la biochimie naturelle des plantes, qui sont l\u00e0 afin de nous aider \u00e0 reprendre conscience de notre Etre profond.<\/p>\n<p>[\/et_pb_text][\/et_pb_column][\/et_pb_row][et_pb_row column_structure=\u00a0\u00bb1_2,1_2&Prime; _builder_version=\u00a0\u00bb4.9.4&Prime; custom_padding=\u00a0\u00bb87px|||||\u00a0\u00bb][et_pb_column type=\u00a0\u00bb1_2&Prime; _builder_version=\u00a0\u00bb4.4.2&Prime;][et_pb_text _builder_version=\u00a0\u00bb4.4.2&Prime;]<\/p>\n<p><img decoding=\"async\" src=\"https:\/\/bienveillance-active.com\/wp-content\/themes\/Divi\/includes\/builder\/frontend-builder\/assets\/vendors\/plugins\/emoticons\/img\/smiley-laughing.gif\" alt=\"laughing\" \/><\/p>\n<p><strong>Ma recette Sophro pour se d\u00e9gager de toutes les pens\u00e9es toxiques ou n\u00e9gatives qui encombrent l\u2019esprit\u2026<\/strong><\/p>\n<p><strong>Vous pouvez faire cet exercice avec votre enfant ou votre conjoint\u2026 vous verrez c\u2019est tr\u00e8s sympa\u00a0!!<\/strong><\/p>\n<p><strong>Il s\u2019agit du \u00ab\u00a0polichinelle\u00a0\u00bb<\/strong><\/p>\n<p><strong>Installez-vous debout, les pieds parall\u00e8les \u00e9cart\u00e9s de la largeur du bassin, vos genoux l\u00e9g\u00e8rement fl\u00e9chis.<\/strong><\/p>\n<p><strong>Et vous allez effectuer des petits sauts sur place en maintenant vos jambes toniques pour assurer vos appuis, mais laissez aller le haut du corps et de votre t\u00eate.<\/strong><\/p>\n<p><strong>Sentez votre corps rebondir, en le laissant se d\u00e9tendre et se ramollir comme un chamalow\u00a0!<\/strong><\/p>\n<p><strong>Et l\u00e0, visualiser que vous vous d\u00e9barrassez d\u2019un tas de poussi\u00e8res n\u00e9gatives, \u00a0de pens\u00e9es inutiles, qui tombent au sol.<\/strong><\/p>\n<p><strong>Vous pouvez percevoir votre corps qui s\u2019all\u00e8ge.<\/strong><\/p>\n<p><strong>Vous arr\u00eatez lorsque que vous le souhaitez.<\/strong><\/p>\n<p><strong>Fermez vos yeux, prenez le temps d\u2019accueillir vos sensations, de respirez tranquillement et affichez un sourire sur votre visage.<\/strong><\/p>\n<p><strong>Prenez alors conscience que votre corps est plus l\u00e9ger, plus souple et que vos pens\u00e9es sont plus claires et sereines\u00a0!!<\/strong><\/p>\n<p>[\/et_pb_text][\/et_pb_column][et_pb_column type=\u00a0\u00bb1_2&Prime; _builder_version=\u00a0\u00bb4.4.2&Prime;][et_pb_gallery gallery_ids=\u00a0\u00bb1297&Prime; show_title_and_caption=\u00a0\u00bboff\u00a0\u00bb _builder_version=\u00a0\u00bb4.9.4&Prime;][\/et_pb_gallery][\/et_pb_column][\/et_pb_row][et_pb_row column_structure=\u00a0\u00bb1_2,1_2&Prime; _builder_version=\u00a0\u00bb4.9.4&Prime;][et_pb_column type=\u00a0\u00bb1_2&Prime; _builder_version=\u00a0\u00bb4.4.2&Prime;][et_pb_gallery gallery_ids=\u00a0\u00bb1445&Prime; _builder_version=\u00a0\u00bb4.9.4&Prime; hover_enabled=\u00a0\u00bb0&Prime; sticky_enabled=\u00a0\u00bb0&Prime;][\/et_pb_gallery][\/et_pb_column][et_pb_column type=\u00a0\u00bb1_2&Prime; _builder_version=\u00a0\u00bb4.4.2&Prime;][et_pb_text _builder_version=\u00a0\u00bb4.4.2&Prime;]<\/p>\n<p>&nbsp;<\/p>\n<p>Je vous invite \u00e0 d\u00e9couvrir ou red\u00e9couvrir la fleur de la confiance en Soi, de son intuition profonde &#8230;<\/p>\n<p>lorsque le doute vient nous chatouiller, nous d\u00e9stabiliser, lorsque l&rsquo;on sait et la seconde suivante on ne sait plus &#8230; La jolie fleur de <em><strong>CERATO<\/strong><\/em> (Plumbago) vous invite \u00e0 respecter votre ressenti, faire confiance \u00e0 votre propre jugement, \u00e0 votre intuition profonde, sans n\u00e9cessit\u00e9 de solliciter les autres.<\/p>\n<p>le recentrage et la Volont\u00e9 sont l\u00e0 tel une Force qui vous accompagne au quotidien !<\/p>\n<p>&nbsp;<\/p>\n<p>&nbsp;<\/p>\n<p>&nbsp;<\/p>\n<p>[\/et_pb_text][\/et_pb_column][\/et_pb_row][et_pb_row column_structure=\u00a0\u00bb1_2,1_2&Prime; _builder_version=\u00a0\u00bb4.9.4&Prime;][et_pb_column type=\u00a0\u00bb1_2&Prime; _builder_version=\u00a0\u00bb4.4.2&Prime;][et_pb_text _builder_version=\u00a0\u00bb4.4.2&Prime;]<\/p>\n<p><span style=\"font-size: medium;\"><strong>Une petite histoire en cette p\u00e9riode de rentr\u00e9e \u2026<\/strong><\/span><\/p>\n<p>Il y a quelques temps, lors d\u2019une ballade sur un petit chemin proche de chez moi\u2026 un besoin de me \u00ab\u00a0d\u00e9gourdir\u00a0\u00bb les jambes, le corps et l\u2019esprit\u2026 j\u2019ai eu le bonheur de voir de nombreuses fleurs qui composent l\u2019extraordinaire <a href=\"https:\/\/bienveillance-active.com\/index.php\/24-2\/\">florith\u00e9rapie du Dr E. Bach.<\/a><\/p>\n<p>Wild rose (Eglantier), wild oat (avoine sauvage)\u2026 j\u2019ai repens\u00e9 \u00e0 leurs significations, pour la premi\u00e8re il s\u2019agit de prendre conscience que l\u2019on est acteur de sa vie et que le bonheur d\u00e9pend aussi et surtout de Soi.<\/p>\n<p>Quant \u00e0 la seconde, elle permet de retrouver force et volont\u00e9 afin de ne plus se disperser, se faire confiance pour cheminer sur sa propre voie.<\/p>\n<p>Et puis, <strong>Mimulus<\/strong> <em>(mimule en image)<\/em> est venue \u00e0 mon esprit\u2026 devant des peurs nomm\u00e9es et le sentiment d\u2019ins\u00e9curit\u00e9, elle redonne du courage, face aux \u00e9v\u00e9nements difficiles et permet de voir chaque \u00e9preuve comme une invitation \u00e0 grandir. C\u2019est le courage qui se pose et la s\u00e9r\u00e9nit\u00e9 qui s\u2019installe.<\/p>\n<p><em><strong>Une \u00e9motion g\u00e9r\u00e9e et l\u2019\u00e9lan de vie continue de fa\u00e7on plus lumineuse\u00a0!<\/strong><\/em><\/p>\n<p>&nbsp;<\/p>\n<p>[\/et_pb_text][\/et_pb_column][et_pb_column type=\u00a0\u00bb1_2&Prime; _builder_version=\u00a0\u00bb4.4.2&Prime;][et_pb_image src=\u00a0\u00bbhttps:\/\/bienveillance-active.com\/wp-content\/uploads\/2020\/09\/mimulus.jpg\u00a0\u00bb _builder_version=\u00a0\u00bb4.4.2&Prime; box_shadow_style=\u00a0\u00bbpreset2&Prime;][\/et_pb_image][\/et_pb_column][\/et_pb_row][et_pb_row _builder_version=\u00a0\u00bb4.4.2&Prime;][et_pb_column type=\u00a0\u00bb4_4&Prime; _builder_version=\u00a0\u00bb4.4.2&Prime;][et_pb_divider color=\u00a0\u00bb#086C92&Prime; divider_style=\u00a0\u00bbdotted\u00a0\u00bb divider_weight=\u00a0\u00bb4px\u00a0\u00bb _builder_version=\u00a0\u00bb4.4.2&Prime;][\/et_pb_divider][et_pb_text _builder_version=\u00a0\u00bb4.4.2&Prime; text_font=\u00a0\u00bb|700|||||||\u00a0\u00bb text_text_color=\u00a0\u00bb#000000&Prime; text_font_size=\u00a0\u00bb20px\u00a0\u00bb header_text_color=\u00a0\u00bb#000000&Prime; header_2_font=\u00a0\u00bb|700|||||||\u00a0\u00bb header_2_text_color=\u00a0\u00bb#086C92&Prime; header_2_font_size=\u00a0\u00bb28px\u00a0\u00bb text_orientation=\u00a0\u00bbcenter\u00a0\u00bb custom_margin=\u00a0\u00bb||10px||false|false\u00a0\u00bb]<\/p>\n<h2 style=\"text-align: left;\">PRENDRE RENDEZ-VOUS<\/h2>\n<p>[\/et_pb_text][et_pb_contact_form use_spam_service=\u00a0\u00bbon\u00a0\u00bb recaptcha_list=\u00a0\u00bbBienveillanceactive|Bienveillanceactive-0&Prime; email=\u00a0\u00bbhelene@bienveillance-active.com\u00a0\u00bb success_message=\u00a0\u00bbVotre message a bien \u00e9t\u00e9 envoy\u00e9\u00a0\u00bb submit_button_text=\u00a0\u00bbENVOYER\u00a0\u00bb _builder_version=\u00a0\u00bb4.9.4&Prime; form_field_background_color=\u00a0\u00bb#ffffff\u00a0\u00bb form_field_text_color=\u00a0\u00bb#086c92&Prime; form_field_focus_text_color=\u00a0\u00bb#000000&Prime; captcha_text_color=\u00a0\u00bb#000000&Prime; custom_button=\u00a0\u00bbon\u00a0\u00bb button_text_color=\u00a0\u00bb#086C92&Prime; custom_margin=\u00a0\u00bb||||false\u00a0\u00bb border_width_all=\u00a0\u00bb2px\u00a0\u00bb border_color_all=\u00a0\u00bb#086c92&Prime;][et_pb_contact_field field_id=\u00a0\u00bbnom\u00a0\u00bb field_title=\u00a0\u00bbVotre nom (obligatoire)\u00a0\u00bb _builder_version=\u00a0\u00bb4.4.2&Prime; button_text_size__hover_enabled=\u00a0\u00bboff\u00a0\u00bb button_one_text_size__hover_enabled=\u00a0\u00bboff\u00a0\u00bb button_two_text_size__hover_enabled=\u00a0\u00bboff\u00a0\u00bb button_text_color__hover_enabled=\u00a0\u00bboff\u00a0\u00bb button_one_text_color__hover_enabled=\u00a0\u00bboff\u00a0\u00bb button_two_text_color__hover_enabled=\u00a0\u00bboff\u00a0\u00bb button_border_width__hover_enabled=\u00a0\u00bboff\u00a0\u00bb button_one_border_width__hover_enabled=\u00a0\u00bboff\u00a0\u00bb button_two_border_width__hover_enabled=\u00a0\u00bboff\u00a0\u00bb button_border_color__hover_enabled=\u00a0\u00bboff\u00a0\u00bb button_one_border_color__hover_enabled=\u00a0\u00bboff\u00a0\u00bb button_two_border_color__hover_enabled=\u00a0\u00bboff\u00a0\u00bb button_border_radius__hover_enabled=\u00a0\u00bboff\u00a0\u00bb button_one_border_radius__hover_enabled=\u00a0\u00bboff\u00a0\u00bb button_two_border_radius__hover_enabled=\u00a0\u00bboff\u00a0\u00bb button_letter_spacing__hover_enabled=\u00a0\u00bboff\u00a0\u00bb button_one_letter_spacing__hover_enabled=\u00a0\u00bboff\u00a0\u00bb button_two_letter_spacing__hover_enabled=\u00a0\u00bboff\u00a0\u00bb button_bg_color__hover_enabled=\u00a0\u00bboff\u00a0\u00bb button_one_bg_color__hover_enabled=\u00a0\u00bboff\u00a0\u00bb button_two_bg_color__hover_enabled=\u00a0\u00bboff\u00a0\u00bb][\/et_pb_contact_field][et_pb_contact_field field_id=\u00a0\u00bbpr\u00e9nom\u00a0\u00bb field_title=\u00a0\u00bbVotre pr\u00e9nom (obligatoire)\u00a0\u00bb _builder_version=\u00a0\u00bb4.4.2&Prime; button_text_size__hover_enabled=\u00a0\u00bboff\u00a0\u00bb button_one_text_size__hover_enabled=\u00a0\u00bboff\u00a0\u00bb button_two_text_size__hover_enabled=\u00a0\u00bboff\u00a0\u00bb button_text_color__hover_enabled=\u00a0\u00bboff\u00a0\u00bb button_one_text_color__hover_enabled=\u00a0\u00bboff\u00a0\u00bb button_two_text_color__hover_enabled=\u00a0\u00bboff\u00a0\u00bb button_border_width__hover_enabled=\u00a0\u00bboff\u00a0\u00bb button_one_border_width__hover_enabled=\u00a0\u00bboff\u00a0\u00bb button_two_border_width__hover_enabled=\u00a0\u00bboff\u00a0\u00bb button_border_color__hover_enabled=\u00a0\u00bboff\u00a0\u00bb button_one_border_color__hover_enabled=\u00a0\u00bboff\u00a0\u00bb button_two_border_color__hover_enabled=\u00a0\u00bboff\u00a0\u00bb button_border_radius__hover_enabled=\u00a0\u00bboff\u00a0\u00bb button_one_border_radius__hover_enabled=\u00a0\u00bboff\u00a0\u00bb button_two_border_radius__hover_enabled=\u00a0\u00bboff\u00a0\u00bb button_letter_spacing__hover_enabled=\u00a0\u00bboff\u00a0\u00bb button_one_letter_spacing__hover_enabled=\u00a0\u00bboff\u00a0\u00bb button_two_letter_spacing__hover_enabled=\u00a0\u00bboff\u00a0\u00bb button_bg_color__hover_enabled=\u00a0\u00bboff\u00a0\u00bb button_one_bg_color__hover_enabled=\u00a0\u00bboff\u00a0\u00bb button_two_bg_color__hover_enabled=\u00a0\u00bboff\u00a0\u00bb][\/et_pb_contact_field][et_pb_contact_field field_id=\u00a0\u00bbEmail\u00a0\u00bb field_title=\u00a0\u00bbVotre adresse de messagerie (obligatoire)\u00a0\u00bb field_type=\u00a0\u00bbemail\u00a0\u00bb fullwidth_field=\u00a0\u00bbon\u00a0\u00bb _builder_version=\u00a0\u00bb4.4.2&Prime; button_text_size__hover_enabled=\u00a0\u00bboff\u00a0\u00bb button_one_text_size__hover_enabled=\u00a0\u00bboff\u00a0\u00bb button_two_text_size__hover_enabled=\u00a0\u00bboff\u00a0\u00bb button_text_color__hover_enabled=\u00a0\u00bboff\u00a0\u00bb button_one_text_color__hover_enabled=\u00a0\u00bboff\u00a0\u00bb button_two_text_color__hover_enabled=\u00a0\u00bboff\u00a0\u00bb button_border_width__hover_enabled=\u00a0\u00bboff\u00a0\u00bb button_one_border_width__hover_enabled=\u00a0\u00bboff\u00a0\u00bb button_two_border_width__hover_enabled=\u00a0\u00bboff\u00a0\u00bb button_border_color__hover_enabled=\u00a0\u00bboff\u00a0\u00bb button_one_border_color__hover_enabled=\u00a0\u00bboff\u00a0\u00bb button_two_border_color__hover_enabled=\u00a0\u00bboff\u00a0\u00bb button_border_radius__hover_enabled=\u00a0\u00bboff\u00a0\u00bb button_one_border_radius__hover_enabled=\u00a0\u00bboff\u00a0\u00bb button_two_border_radius__hover_enabled=\u00a0\u00bboff\u00a0\u00bb button_letter_spacing__hover_enabled=\u00a0\u00bboff\u00a0\u00bb button_one_letter_spacing__hover_enabled=\u00a0\u00bboff\u00a0\u00bb button_two_letter_spacing__hover_enabled=\u00a0\u00bboff\u00a0\u00bb button_bg_color__hover_enabled=\u00a0\u00bboff\u00a0\u00bb button_one_bg_color__hover_enabled=\u00a0\u00bboff\u00a0\u00bb button_two_bg_color__hover_enabled=\u00a0\u00bboff\u00a0\u00bb][\/et_pb_contact_field][et_pb_contact_field field_id=\u00a0\u00bbObjet\u00a0\u00bb field_title=\u00a0\u00bbObjet\u00a0\u00bb field_type=\u00a0\u00bbemail\u00a0\u00bb fullwidth_field=\u00a0\u00bbon\u00a0\u00bb _builder_version=\u00a0\u00bb4.4.2&Prime; button_text_size__hover_enabled=\u00a0\u00bboff\u00a0\u00bb button_one_text_size__hover_enabled=\u00a0\u00bboff\u00a0\u00bb button_two_text_size__hover_enabled=\u00a0\u00bboff\u00a0\u00bb button_text_color__hover_enabled=\u00a0\u00bboff\u00a0\u00bb button_one_text_color__hover_enabled=\u00a0\u00bboff\u00a0\u00bb button_two_text_color__hover_enabled=\u00a0\u00bboff\u00a0\u00bb button_border_width__hover_enabled=\u00a0\u00bboff\u00a0\u00bb button_one_border_width__hover_enabled=\u00a0\u00bboff\u00a0\u00bb button_two_border_width__hover_enabled=\u00a0\u00bboff\u00a0\u00bb button_border_color__hover_enabled=\u00a0\u00bboff\u00a0\u00bb button_one_border_color__hover_enabled=\u00a0\u00bboff\u00a0\u00bb button_two_border_color__hover_enabled=\u00a0\u00bboff\u00a0\u00bb button_border_radius__hover_enabled=\u00a0\u00bboff\u00a0\u00bb button_one_border_radius__hover_enabled=\u00a0\u00bboff\u00a0\u00bb button_two_border_radius__hover_enabled=\u00a0\u00bboff\u00a0\u00bb button_letter_spacing__hover_enabled=\u00a0\u00bboff\u00a0\u00bb button_one_letter_spacing__hover_enabled=\u00a0\u00bboff\u00a0\u00bb button_two_letter_spacing__hover_enabled=\u00a0\u00bboff\u00a0\u00bb button_bg_color__hover_enabled=\u00a0\u00bboff\u00a0\u00bb button_one_bg_color__hover_enabled=\u00a0\u00bboff\u00a0\u00bb button_two_bg_color__hover_enabled=\u00a0\u00bboff\u00a0\u00bb][\/et_pb_contact_field][et_pb_contact_field field_id=\u00a0\u00bbMessage\u00a0\u00bb field_title=\u00a0\u00bbMessage\u00a0\u00bb field_type=\u00a0\u00bbtext\u00a0\u00bb fullwidth_field=\u00a0\u00bbon\u00a0\u00bb _builder_version=\u00a0\u00bb3.16&Prime; button_text_size__hover_enabled=\u00a0\u00bboff\u00a0\u00bb button_one_text_size__hover_enabled=\u00a0\u00bboff\u00a0\u00bb button_two_text_size__hover_enabled=\u00a0\u00bboff\u00a0\u00bb button_text_color__hover_enabled=\u00a0\u00bboff\u00a0\u00bb button_one_text_color__hover_enabled=\u00a0\u00bboff\u00a0\u00bb button_two_text_color__hover_enabled=\u00a0\u00bboff\u00a0\u00bb button_border_width__hover_enabled=\u00a0\u00bboff\u00a0\u00bb button_one_border_width__hover_enabled=\u00a0\u00bboff\u00a0\u00bb button_two_border_width__hover_enabled=\u00a0\u00bboff\u00a0\u00bb button_border_color__hover_enabled=\u00a0\u00bboff\u00a0\u00bb button_one_border_color__hover_enabled=\u00a0\u00bboff\u00a0\u00bb button_two_border_color__hover_enabled=\u00a0\u00bboff\u00a0\u00bb button_border_radius__hover_enabled=\u00a0\u00bboff\u00a0\u00bb button_one_border_radius__hover_enabled=\u00a0\u00bboff\u00a0\u00bb button_two_border_radius__hover_enabled=\u00a0\u00bboff\u00a0\u00bb button_letter_spacing__hover_enabled=\u00a0\u00bboff\u00a0\u00bb button_one_letter_spacing__hover_enabled=\u00a0\u00bboff\u00a0\u00bb button_two_letter_spacing__hover_enabled=\u00a0\u00bboff\u00a0\u00bb button_bg_color__hover_enabled=\u00a0\u00bboff\u00a0\u00bb button_one_bg_color__hover_enabled=\u00a0\u00bboff\u00a0\u00bb button_two_bg_color__hover_enabled=\u00a0\u00bboff\u00a0\u00bb][\/et_pb_contact_field][et_pb_contact_field field_id=\u00a0\u00bbPolitique_de_confidentialit\u00e9\u00a0\u00bb field_title=\u00a0\u00bbPolitique de confidentialit\u00e9\u00a0\u00bb field_type=\u00a0\u00bbcheckbox\u00a0\u00bb checkbox_options=\u00a0\u00bb%91{%22value%22:%22J&rsquo;ai lu et j&rsquo;accepte votre politique de confidentialit\u00e9%22,%22checked%22:0,%22dragID%22:-1}%93&Prime; fullwidth_field=\u00a0\u00bbon\u00a0\u00bb _builder_version=\u00a0\u00bb4.9.4&Prime; _module_preset=\u00a0\u00bbdefault\u00a0\u00bb][\/et_pb_contact_field][\/et_pb_contact_form][et_pb_divider show_divider=\u00a0\u00bboff\u00a0\u00bb _builder_version=\u00a0\u00bb4.4.2&Prime;][\/et_pb_divider][\/et_pb_column][\/et_pb_row][\/et_pb_section]<\/p>\n","protected":false},"excerpt":{"rendered":"<p>BLOG d&rsquo;H\u00e9l\u00e8neLorsque le manque de confiance en sa propre intuition fait d\u00e9faut et que l\u2019on cherche \u00e0 l\u2019ext\u00e9rieur le conseil \u00ab miracle \u00bb.Quand nous cherchons des r\u00e9ponses \u00e0 nos questions, cette jolie fleur bleue, violette de l\u2019Himalaya vient nous relier \u00e0 notre Intuition profonde.Elle vient d\u00e9faire les sch\u00e9mas \u00e9triqu\u00e9s d\u2019une grille de lecture de notre [&hellip;]<\/p>\n","protected":false},"author":1,"featured_media":0,"parent":0,"menu_order":0,"comment_status":"closed","ping_status":"closed","template":"","meta":{"_et_pb_use_builder":"on","_et_pb_old_content":"","_et_gb_content_width":"","footnotes":""},"class_list":["post-1176","page","type-page","status-publish","hentry"],"_links":{"self":[{"href":"https:\/\/bienveillance-active.com\/index.php\/wp-json\/wp\/v2\/pages\/1176"}],"collection":[{"href":"https:\/\/bienveillance-active.com\/index.php\/wp-json\/wp\/v2\/pages"}],"about":[{"href":"https:\/\/bienveillance-active.com\/index.php\/wp-json\/wp\/v2\/types\/page"}],"author":[{"embeddable":true,"href":"https:\/\/bienveillance-active.com\/index.php\/wp-json\/wp\/v2\/users\/1"}],"replies":[{"embeddable":true,"href":"https:\/\/bienveillance-active.com\/index.php\/wp-json\/wp\/v2\/comments?post=1176"}],"version-history":[{"count":41,"href":"https:\/\/bienveillance-active.com\/index.php\/wp-json\/wp\/v2\/pages\/1176\/revisions"}],"predecessor-version":[{"id":1532,"href":"https:\/\/bienveillance-active.com\/index.php\/wp-json\/wp\/v2\/pages\/1176\/revisions\/1532"}],"wp:attachment":[{"href":"https:\/\/bienveillance-active.com\/index.php\/wp-json\/wp\/v2\/media?parent=1176"}],"curies":[{"name":"wp","href":"https:\/\/api.w.org\/{rel}","templated":true}]}}